{"id":518,"date":"2014-08-03T18:38:46","date_gmt":"2014-08-03T16:38:46","guid":{"rendered":"http:\/\/dk-haustechnik.ch\/?page_id=518"},"modified":"2026-03-05T12:06:32","modified_gmt":"2026-03-05T10:06:32","slug":"kontakt-2","status":"publish","type":"page","link":"https:\/\/dk-haustechnik.ch\/?page_id=518","title":{"rendered":"Kontakt"},"content":{"rendered":"<h2>Kontakt<\/h2>\n<p>Das dk haustechnik Team steht Ihnen jederzeit f\u00fcr eine Beratung, ein Angebot oder aber auch im Notfall zur Verf\u00fcgung.<br \/>\nZ\u00f6gern Sie nicht und kontaktieren sie uns.<\/p>\n<p>&nbsp;<\/p>\n<p><strong>Tel:<\/strong> 052 640 06 91<br \/>\n<strong>Mail: <\/strong>info@dk-haustechnik.ch<\/p>\n<p>&nbsp;<\/p>\n","protected":false},"excerpt":{"rendered":"<p>Kontakt Das dk haustechnik Team steht Ihnen jederzeit f\u00fcr eine Beratung, ein Angebot oder aber auch im Notfall zur Verf\u00fcgung. Z\u00f6gern Sie nicht und kontaktieren sie uns. &nbsp; Tel: 052 640 06 91 Mail: info@dk-haustechnik.ch &nbsp;<\/p>\n","protected":false},"author":1,"featured_media":0,"parent":0,"menu_order":0,"comment_status":"open","ping_status":"open","template":"homepage-template.php","meta":{"footnotes":""},"class_list":["post-518","page","type-page","status-publish","hentry"],"_links":{"self":[{"href":"https:\/\/dk-haustechnik.ch\/index.php?rest_route=\/wp\/v2\/pages\/518","targetHints":{"allow":["GET"]}}],"collection":[{"href":"https:\/\/dk-haustechnik.ch\/index.php?rest_route=\/wp\/v2\/pages"}],"about":[{"href":"https:\/\/dk-haustechnik.ch\/index.php?rest_route=\/wp\/v2\/types\/page"}],"author":[{"embeddable":true,"href":"https:\/\/dk-haustechnik.ch\/index.php?rest_route=\/wp\/v2\/users\/1"}],"replies":[{"embeddable":true,"href":"https:\/\/dk-haustechnik.ch\/index.php?rest_route=%2Fwp%2Fv2%2Fcomments&post=518"}],"version-history":[{"count":7,"href":"https:\/\/dk-haustechnik.ch\/index.php?rest_route=\/wp\/v2\/pages\/518\/revisions"}],"predecessor-version":[{"id":570,"href":"https:\/\/dk-haustechnik.ch\/index.php?rest_route=\/wp\/v2\/pages\/518\/revisions\/570"}],"wp:attachment":[{"href":"https:\/\/dk-haustechnik.ch\/index.php?rest_route=%2Fwp%2Fv2%2Fmedia&parent=518"}],"curies":[{"name":"wp","href":"https:\/\/api.w.org\/{rel}","templated":true}]}}